{"id":7611,"date":"2025-01-29T18:23:15","date_gmt":"2025-01-29T17:23:15","guid":{"rendered":"https:\/\/gbcspa.com\/fiera\/schweissen-schneiden-2023\/"},"modified":"2025-01-29T18:23:15","modified_gmt":"2025-01-29T17:23:15","slug":"schweissen-schneiden-2023","status":"publish","type":"fiera","link":"https:\/\/gbcspa.com\/fr\/fiera\/schweissen-schneiden-2023\/","title":{"rendered":"Schweissen &#038; Schneiden 2023"},"content":{"rendered":"<p>Nous sommes heureux d&rsquo;annoncer notre participation au salon Schweissen &amp; Schneiden 2023, le salon n\u00b0 1 dans le secteur du soudage et de la d\u00e9coupe, qui se tiendra \u00e0 Essen, en Allemagne, du 11 au 15 septembre 2023.<br \/>\nLes surprises seront nombreuses et nous serons heureux de vous accueillir sur notre stand 8D15, hall 8.<\/p>\n<p>Pour cette \u00e9dition, nous avons voulu voir les choses en grand, \u00e0 commencer par notre stand, n\u00b0 8D15, hall 8, qui s&rsquo;\u00e9tendra sur 250 m\u00e8tres carr\u00e9s et permettra sans aucun doute de cr\u00e9er une exp\u00e9rience immersive et spectaculaire pour les visiteurs de notre espace d&rsquo;exposition.<br \/>\nNous exposerons notre vaste gamme de produits de mani\u00e8re d\u00e9taill\u00e9e et attrayante. Un espace aussi vaste nous permettra d&rsquo;organiser des pr\u00e9sentations, des d\u00e9monstrations pratiques et des interactions personnelles entre les invit\u00e9s et notre \u00e9quipe. Cela permettra aux visiteurs de trouver plus facilement ce qui les int\u00e9resse et d&rsquo;interagir de mani\u00e8re cibl\u00e9e avec le personnel de GBC.<br \/>\nL&rsquo;exp\u00e9rience sur notre stand sera certainement riche en informations et en opportunit\u00e9s de r\u00e9seautage.<\/p>\n<p>Mais les surprises ne s&rsquo;arr\u00eatent pas l\u00e0.<\/p>\n<p>\u00c0 quelques jours du d\u00e9but de cette nouvelle \u00e9dition du salon Schweissen &amp; Schneiden, GBC Industrial Tools S.p.a. a le plaisir d&rsquo;annoncer la pr\u00e9sentation en exclusivit\u00e9 d&rsquo;une nouvelle gamme de produits.<br \/>\nL&rsquo;id\u00e9e de pr\u00e9senter en exclusivit\u00e9 ces nouvelles machines repr\u00e9sente une occasion unique pour les visiteurs de d\u00e9couvrir en avant-premi\u00e8re nos derni\u00e8res innovations et d&rsquo;explorer de nouvelles technologies. Cela d\u00e9montre \u00e9galement notre engagement constant \u00e0 offrir des solutions de pointe et \u00e0 r\u00e9pondre aux besoins en constante \u00e9volution de nos clients.<\/p>\n<p>Nous sommes convaincus que notre participation \u00e0 Schweissen &amp; Schneiden, avec le lancement d&rsquo;importantes nouveaut\u00e9s, suscitera l&rsquo;int\u00e9r\u00eat d&rsquo;un large \u00e9ventail de professionnels du secteur.<\/p>\n<p>Le stand n\u00b0 8D15 dans le hall 8 de Schweissen &amp; Schneiden sera un point de r\u00e9f\u00e9rence pour tous ceux qui souhaitent d\u00e9couvrir les derni\u00e8res innovations que GBC Industrial Tools r\u00e9serve au march\u00e9 et comprendre comment celles-ci peuvent apporter une valeur ajout\u00e9e \u00e0 de nombreuses op\u00e9rations industrielles.<\/p>\n","protected":false},"featured_media":7612,"template":"","class_list":["post-7611","fiera","type-fiera","status-publish","has-post-thumbnail","hentry"],"acf":[],"yoast_head":"<!-- This site is optimized with the Yoast SEO plugin v27.1.1 - https:\/\/yoast.com\/product\/yoast-seo-wordpress\/ -->\n<title>Schweissen &amp; Schneiden 2023 - GBC SpA<\/title>\n<meta name=\"robots\" content=\"index, follow, max-snippet:-1, max-image-preview:large, max-video-preview:-1\" \/>\n<link rel=\"canonical\" href=\"https:\/\/gbcspa.com\/fiera\/schweissen-schneiden-2023\/\" \/>\n<meta property=\"og:locale\" content=\"fr_FR\" \/>\n<meta property=\"og:type\" content=\"article\" \/>\n<meta property=\"og:title\" content=\"Schweissen &amp; Schneiden 2023 - GBC SpA\" \/>\n<meta property=\"og:description\" content=\"Nous sommes heureux d&rsquo;annoncer notre participation au salon Schweissen &amp; Schneiden 2023, le salon n\u00b0 1 dans le secteur du soudage et de la d\u00e9coupe, qui se tiendra \u00e0 Essen, en Allemagne, du 11 au 15 septembre 2023. Les surprises seront nombreuses et nous serons heureux de vous accueillir sur notre stand 8D15, hall 8.... Read More &raquo;\" \/>\n<meta property=\"og:url\" content=\"https:\/\/gbcspa.com\/fiera\/schweissen-schneiden-2023\/\" \/>\n<meta property=\"og:site_name\" content=\"GBC SpA\" \/>\n<meta property=\"article:publisher\" content=\"https:\/\/www.facebook.com\/GBCIndustrialToolsSpa\/\" \/>\n<meta name=\"twitter:card\" content=\"summary_large_image\" \/>\n<meta name=\"twitter:label1\" content=\"Dur\u00e9e de lecture estim\u00e9e\" \/>\n\t<meta name=\"twitter:data1\" content=\"2 minutes\" \/>\n<script type=\"application\/ld+json\" class=\"yoast-schema-graph\">{\"@context\":\"https:\/\/schema.org\",\"@graph\":[{\"@type\":\"WebPage\",\"@id\":\"https:\/\/gbcspa.com\/fiera\/schweissen-schneiden-2023\/\",\"url\":\"https:\/\/gbcspa.com\/fiera\/schweissen-schneiden-2023\/\",\"name\":\"Schweissen & Schneiden 2023 - GBC SpA\",\"isPartOf\":{\"@id\":\"https:\/\/gbcspa.com\/#website\"},\"primaryImageOfPage\":{\"@id\":\"https:\/\/gbcspa.com\/fiera\/schweissen-schneiden-2023\/#primaryimage\"},\"image\":{\"@id\":\"https:\/\/gbcspa.com\/fiera\/schweissen-schneiden-2023\/#primaryimage\"},\"thumbnailUrl\":\"https:\/\/gbcspa.com\/wp-content\/uploads\/2025\/01\/00_Schweissen-Schneiden-1.webp\",\"datePublished\":\"2025-01-29T17:23:15+00:00\",\"breadcrumb\":{\"@id\":\"https:\/\/gbcspa.com\/fiera\/schweissen-schneiden-2023\/#breadcrumb\"},\"inLanguage\":\"fr-FR\",\"potentialAction\":[{\"@type\":\"ReadAction\",\"target\":[\"https:\/\/gbcspa.com\/fiera\/schweissen-schneiden-2023\/\"]}]},{\"@type\":\"ImageObject\",\"inLanguage\":\"fr-FR\",\"@id\":\"https:\/\/gbcspa.com\/fiera\/schweissen-schneiden-2023\/#primaryimage\",\"url\":\"https:\/\/gbcspa.com\/wp-content\/uploads\/2025\/01\/00_Schweissen-Schneiden-1.webp\",\"contentUrl\":\"https:\/\/gbcspa.com\/wp-content\/uploads\/2025\/01\/00_Schweissen-Schneiden-1.webp\",\"width\":1400,\"height\":732},{\"@type\":\"BreadcrumbList\",\"@id\":\"https:\/\/gbcspa.com\/fiera\/schweissen-schneiden-2023\/#breadcrumb\",\"itemListElement\":[{\"@type\":\"ListItem\",\"position\":1,\"name\":\"Home\",\"item\":\"https:\/\/gbcspa.com\/\"},{\"@type\":\"ListItem\",\"position\":2,\"name\":\"Fiere\",\"item\":\"https:\/\/gbcspa.com\/fiera\/\"},{\"@type\":\"ListItem\",\"position\":3,\"name\":\"Schweissen &#038; Schneiden 2023\"}]},{\"@type\":\"WebSite\",\"@id\":\"https:\/\/gbcspa.com\/#website\",\"url\":\"https:\/\/gbcspa.com\/\",\"name\":\"G.B.C. spa\",\"description\":\"\",\"publisher\":{\"@id\":\"https:\/\/gbcspa.com\/#organization\"},\"potentialAction\":[{\"@type\":\"SearchAction\",\"target\":{\"@type\":\"EntryPoint\",\"urlTemplate\":\"https:\/\/gbcspa.com\/?s={search_term_string}\"},\"query-input\":{\"@type\":\"PropertyValueSpecification\",\"valueRequired\":true,\"valueName\":\"search_term_string\"}}],\"inLanguage\":\"fr-FR\"},{\"@type\":\"Organization\",\"@id\":\"https:\/\/gbcspa.com\/#organization\",\"name\":\"G.B.C. spa\",\"url\":\"https:\/\/gbcspa.com\/\",\"logo\":{\"@type\":\"ImageObject\",\"inLanguage\":\"fr-FR\",\"@id\":\"https:\/\/gbcspa.com\/#\/schema\/logo\/image\/\",\"url\":\"https:\/\/gbcspa.com\/wp-content\/uploads\/2025\/03\/gbc-logo-r-203.png\",\"contentUrl\":\"https:\/\/gbcspa.com\/wp-content\/uploads\/2025\/03\/gbc-logo-r-203.png\",\"width\":203,\"height\":60,\"caption\":\"G.B.C. spa\"},\"image\":{\"@id\":\"https:\/\/gbcspa.com\/#\/schema\/logo\/image\/\"},\"sameAs\":[\"https:\/\/www.facebook.com\/GBCIndustrialToolsSpa\/\",\"https:\/\/www.instagram.com\/gbcindustrialtoolsspa\/\",\"https:\/\/www.youtube.com\/channel\/UCP_FNB0-J8aJfP4bGhJ-cOw\",\"https:\/\/www.linkedin.com\/company\/gbcindustrialtools\/\"]}]}<\/script>\n<!-- \/ Yoast SEO plugin. -->","yoast_head_json":{"title":"Schweissen & Schneiden 2023 - GBC SpA","robots":{"index":"index","follow":"follow","max-snippet":"max-snippet:-1","max-image-preview":"max-image-preview:large","max-video-preview":"max-video-preview:-1"},"canonical":"https:\/\/gbcspa.com\/fiera\/schweissen-schneiden-2023\/","og_locale":"fr_FR","og_type":"article","og_title":"Schweissen & Schneiden 2023 - GBC SpA","og_description":"Nous sommes heureux d&rsquo;annoncer notre participation au salon Schweissen &amp; Schneiden 2023, le salon n\u00b0 1 dans le secteur du soudage et de la d\u00e9coupe, qui se tiendra \u00e0 Essen, en Allemagne, du 11 au 15 septembre 2023. Les surprises seront nombreuses et nous serons heureux de vous accueillir sur notre stand 8D15, hall 8.... Read More &raquo;","og_url":"https:\/\/gbcspa.com\/fiera\/schweissen-schneiden-2023\/","og_site_name":"GBC SpA","article_publisher":"https:\/\/www.facebook.com\/GBCIndustrialToolsSpa\/","twitter_card":"summary_large_image","twitter_misc":{"Dur\u00e9e de lecture estim\u00e9e":"2 minutes"},"schema":{"@context":"https:\/\/schema.org","@graph":[{"@type":"WebPage","@id":"https:\/\/gbcspa.com\/fiera\/schweissen-schneiden-2023\/","url":"https:\/\/gbcspa.com\/fiera\/schweissen-schneiden-2023\/","name":"Schweissen & Schneiden 2023 - GBC SpA","isPartOf":{"@id":"https:\/\/gbcspa.com\/#website"},"primaryImageOfPage":{"@id":"https:\/\/gbcspa.com\/fiera\/schweissen-schneiden-2023\/#primaryimage"},"image":{"@id":"https:\/\/gbcspa.com\/fiera\/schweissen-schneiden-2023\/#primaryimage"},"thumbnailUrl":"https:\/\/gbcspa.com\/wp-content\/uploads\/2025\/01\/00_Schweissen-Schneiden-1.webp","datePublished":"2025-01-29T17:23:15+00:00","breadcrumb":{"@id":"https:\/\/gbcspa.com\/fiera\/schweissen-schneiden-2023\/#breadcrumb"},"inLanguage":"fr-FR","potentialAction":[{"@type":"ReadAction","target":["https:\/\/gbcspa.com\/fiera\/schweissen-schneiden-2023\/"]}]},{"@type":"ImageObject","inLanguage":"fr-FR","@id":"https:\/\/gbcspa.com\/fiera\/schweissen-schneiden-2023\/#primaryimage","url":"https:\/\/gbcspa.com\/wp-content\/uploads\/2025\/01\/00_Schweissen-Schneiden-1.webp","contentUrl":"https:\/\/gbcspa.com\/wp-content\/uploads\/2025\/01\/00_Schweissen-Schneiden-1.webp","width":1400,"height":732},{"@type":"BreadcrumbList","@id":"https:\/\/gbcspa.com\/fiera\/schweissen-schneiden-2023\/#breadcrumb","itemListElement":[{"@type":"ListItem","position":1,"name":"Home","item":"https:\/\/gbcspa.com\/"},{"@type":"ListItem","position":2,"name":"Fiere","item":"https:\/\/gbcspa.com\/fiera\/"},{"@type":"ListItem","position":3,"name":"Schweissen &#038; Schneiden 2023"}]},{"@type":"WebSite","@id":"https:\/\/gbcspa.com\/#website","url":"https:\/\/gbcspa.com\/","name":"G.B.C. spa","description":"","publisher":{"@id":"https:\/\/gbcspa.com\/#organization"},"potentialAction":[{"@type":"SearchAction","target":{"@type":"EntryPoint","urlTemplate":"https:\/\/gbcspa.com\/?s={search_term_string}"},"query-input":{"@type":"PropertyValueSpecification","valueRequired":true,"valueName":"search_term_string"}}],"inLanguage":"fr-FR"},{"@type":"Organization","@id":"https:\/\/gbcspa.com\/#organization","name":"G.B.C. spa","url":"https:\/\/gbcspa.com\/","logo":{"@type":"ImageObject","inLanguage":"fr-FR","@id":"https:\/\/gbcspa.com\/#\/schema\/logo\/image\/","url":"https:\/\/gbcspa.com\/wp-content\/uploads\/2025\/03\/gbc-logo-r-203.png","contentUrl":"https:\/\/gbcspa.com\/wp-content\/uploads\/2025\/03\/gbc-logo-r-203.png","width":203,"height":60,"caption":"G.B.C. spa"},"image":{"@id":"https:\/\/gbcspa.com\/#\/schema\/logo\/image\/"},"sameAs":["https:\/\/www.facebook.com\/GBCIndustrialToolsSpa\/","https:\/\/www.instagram.com\/gbcindustrialtoolsspa\/","https:\/\/www.youtube.com\/channel\/UCP_FNB0-J8aJfP4bGhJ-cOw","https:\/\/www.linkedin.com\/company\/gbcindustrialtools\/"]}]}},"_links":{"self":[{"href":"https:\/\/gbcspa.com\/fr\/wp-json\/wp\/v2\/fiera\/7611","targetHints":{"allow":["GET"]}}],"collection":[{"href":"https:\/\/gbcspa.com\/fr\/wp-json\/wp\/v2\/fiera"}],"about":[{"href":"https:\/\/gbcspa.com\/fr\/wp-json\/wp\/v2\/types\/fiera"}],"wp:featuredmedia":[{"embeddable":true,"href":"https:\/\/gbcspa.com\/fr\/wp-json\/wp\/v2\/media\/7612"}],"wp:attachment":[{"href":"https:\/\/gbcspa.com\/fr\/wp-json\/wp\/v2\/media?parent=7611"}],"curies":[{"name":"wp","href":"https:\/\/api.w.org\/{rel}","templated":true}]}}

<p>Nous sommes heureux d&rsquo;annoncer notre participation au salon Schweissen &amp; Schneiden 2023, le salon n° 1 dans le secteur du soudage et de la découpe, qui se tiendra à Essen, en Allemagne, du 11 au 15 septembre 2023.<br />
Les surprises seront nombreuses et nous serons heureux de vous accueillir sur notre stand 8D15, hall 8.</p>
<p>Pour cette édition, nous avons voulu voir les choses en grand, à commencer par notre stand, n° 8D15, hall 8, qui s&rsquo;étendra sur 250 mètres carrés et permettra sans aucun doute de créer une expérience immersive et spectaculaire pour les visiteurs de notre espace d&rsquo;exposition.<br />
Nous exposerons notre vaste gamme de produits de manière détaillée et attrayante. Un espace aussi vaste nous permettra d&rsquo;organiser des présentations, des démonstrations pratiques et des interactions personnelles entre les invités et notre équipe. Cela permettra aux visiteurs de trouver plus facilement ce qui les intéresse et d&rsquo;interagir de manière ciblée avec le personnel de GBC.<br />
L&rsquo;expérience sur notre stand sera certainement riche en informations et en opportunités de réseautage.</p>
<p>Mais les surprises ne s&rsquo;arrêtent pas là.</p>
<p>À quelques jours du début de cette nouvelle édition du salon Schweissen &amp; Schneiden, GBC Industrial Tools S.p.a. a le plaisir d&rsquo;annoncer la présentation en exclusivité d&rsquo;une nouvelle gamme de produits.<br />
L&rsquo;idée de présenter en exclusivité ces nouvelles machines représente une occasion unique pour les visiteurs de découvrir en avant-première nos dernières innovations et d&rsquo;explorer de nouvelles technologies. Cela démontre également notre engagement constant à offrir des solutions de pointe et à répondre aux besoins en constante évolution de nos clients.</p>
<p>Nous sommes convaincus que notre participation à Schweissen &amp; Schneiden, avec le lancement d&rsquo;importantes nouveautés, suscitera l&rsquo;intérêt d&rsquo;un large éventail de professionnels du secteur.</p>
<p>Le stand n° 8D15 dans le hall 8 de Schweissen &amp; Schneiden sera un point de référence pour tous ceux qui souhaitent découvrir les dernières innovations que GBC Industrial Tools réserve au marché et comprendre comment celles-ci peuvent apporter une valeur ajoutée à de nombreuses opérations industrielles.</p>

<!-- This site is optimized with the Yoast SEO plugin v27.1.1 - https://yoast.com/product/yoast-seo-wordpress/ -->
<title>Schweissen &amp; Schneiden 2023 - GBC SpA</title>
<meta name="robots" content="index, follow, max-snippet:-1, max-image-preview:large, max-video-preview:-1" />
<link rel="canonical" href="https://gbcspa.com/fiera/schweissen-schneiden-2023/" />
<meta property="og:locale" content="fr_FR" />
<meta property="og:type" content="article" />
<meta property="og:title" content="Schweissen &amp; Schneiden 2023 - GBC SpA" />
<meta property="og:description" content="Nous sommes heureux d&rsquo;annoncer notre participation au salon Schweissen &amp; Schneiden 2023, le salon n° 1 dans le secteur du soudage et de la découpe, qui se tiendra à Essen, en Allemagne, du 11 au 15 septembre 2023. Les surprises seront nombreuses et nous serons heureux de vous accueillir sur notre stand 8D15, hall 8.... Read More &raquo;" />
<meta property="og:url" content="https://gbcspa.com/fiera/schweissen-schneiden-2023/" />
<meta property="og:site_name" content="GBC SpA" />
<meta property="article:publisher" content="https://www.facebook.com/GBCIndustrialToolsSpa/" />
<meta name="twitter:card" content="summary_large_image" />
<meta name="twitter:label1" content="Durée de lecture estimée" />
	<meta name="twitter:data1" content="2 minutes" />
<script type="application/ld+json" class="yoast-schema-graph">{"@context":"https://schema.org","@graph":[{"@type":"WebPage","@id":"https://gbcspa.com/fiera/schweissen-schneiden-2023/","url":"https://gbcspa.com/fiera/schweissen-schneiden-2023/","name":"Schweissen & Schneiden 2023 - GBC SpA","isPartOf":{"@id":"https://gbcspa.com/#website"},"primaryImageOfPage":{"@id":"https://gbcspa.com/fiera/schweissen-schneiden-2023/#primaryimage"},"image":{"@id":"https://gbcspa.com/fiera/schweissen-schneiden-2023/#primaryimage"},"thumbnailUrl":"https://gbcspa.com/wp-content/uploads/2025/01/00_Schweissen-Schneiden-1.webp","datePublished":"2025-01-29T17:23:15+00:00","breadcrumb":{"@id":"https://gbcspa.com/fiera/schweissen-schneiden-2023/#breadcrumb"},"inLanguage":"fr-FR","potentialAction":[{"@type":"ReadAction","target":["https://gbcspa.com/fiera/schweissen-schneiden-2023/"]}]},{"@type":"ImageObject","inLanguage":"fr-FR","@id":"https://gbcspa.com/fiera/schweissen-schneiden-2023/#primaryimage","url":"https://gbcspa.com/wp-content/uploads/2025/01/00_Schweissen-Schneiden-1.webp","contentUrl":"https://gbcspa.com/wp-content/uploads/2025/01/00_Schweissen-Schneiden-1.webp","width":1400,"height":732},{"@type":"BreadcrumbList","@id":"https://gbcspa.com/fiera/schweissen-schneiden-2023/#breadcrumb","itemListElement":[{"@type":"ListItem","position":1,"name":"Home","item":"https://gbcspa.com/"},{"@type":"ListItem","position":2,"name":"Fiere","item":"https://gbcspa.com/fiera/"},{"@type":"ListItem","position":3,"name":"Schweissen &#038; Schneiden 2023"}]},{"@type":"WebSite","@id":"https://gbcspa.com/#website","url":"https://gbcspa.com/","name":"G.B.C. spa","description":"","publisher":{"@id":"https://gbcspa.com/#organization"},"potentialAction":[{"@type":"SearchAction","target":{"@type":"EntryPoint","urlTemplate":"https://gbcspa.com/?s={search_term_string}"},"query-input":{"@type":"PropertyValueSpecification","valueRequired":true,"valueName":"search_term_string"}}],"inLanguage":"fr-FR"},{"@type":"Organization","@id":"https://gbcspa.com/#organization","name":"G.B.C. spa","url":"https://gbcspa.com/","logo":{"@type":"ImageObject","inLanguage":"fr-FR","@id":"https://gbcspa.com/#/schema/logo/image/","url":"https://gbcspa.com/wp-content/uploads/2025/03/gbc-logo-r-203.png","contentUrl":"https://gbcspa.com/wp-content/uploads/2025/03/gbc-logo-r-203.png","width":203,"height":60,"caption":"G.B.C. spa"},"image":{"@id":"https://gbcspa.com/#/schema/logo/image/"},"sameAs":["https://www.facebook.com/GBCIndustrialToolsSpa/","https://www.instagram.com/gbcindustrialtoolsspa/","https://www.youtube.com/channel/UCP_FNB0-J8aJfP4bGhJ-cOw","https://www.linkedin.com/company/gbcindustrialtools/"]}]}</script>
<!-- / Yoast SEO plugin. -->

Nous sommes heureux d&rsquo;annoncer notre participation au salon Schweissen &amp; Schneiden 2023, le salon n° 1 dans le secteur du soudage et de la découpe, qui se tiendra à Essen, en Allemagne, du 11 au 15 septembre 2023. Les surprises seront nombreuses et nous serons heureux de vous accueillir sur notre stand 8D15, hall 8.... Read More &raquo;
