{"id":5135,"date":"2025-01-29T18:23:15","date_gmt":"2025-01-29T17:23:15","guid":{"rendered":"https:\/\/gbcspa.com\/fiera\/fabtech\/"},"modified":"2025-06-30T11:38:37","modified_gmt":"2025-06-30T09:38:37","slug":"fabtech","status":"publish","type":"fiera","link":"https:\/\/gbcspa.com\/es\/fiera\/fabtech\/","title":{"rendered":"Schweissen &#038; Schneiden 2023"},"content":{"rendered":"<p>Nos complace anunciar que asistiremos a Schweissen &amp; Schneiden 2023, la feria comercial n\u00famero 1 en la industria de soldadura y corte que se llevar\u00e1 a cabo en Essen, Alemania, del 11 al 15 de septiembre de 2023.<br \/>\nHabr\u00e1 muchas sorpresas y estaremos encantados de recibirles en nuestro Stand 8D15, Hall 8.<\/p>\n<p>Para esta edici\u00f3n quisimos hacer las cosas a lo grande, empezando por nuestro stand, N\u00b0 8D15, Pabell\u00f3n 8, que tendr\u00e1 250 metros cuadrados y que sin duda generar\u00e1 una experiencia atractiva y espectacular para los visitantes de nuestro espacio expositivo.<br \/>\nEstaremos mostrando nuestra amplia gama de productos de una manera detallada y cautivadora. Un \u00e1rea tan grande nos ofrecer\u00e1 la oportunidad de organizar presentaciones, demostraciones pr\u00e1cticas e interacciones personales entre los invitados y nuestro equipo. Esto facilitar\u00e1 que los visitantes identifiquen lo que les interesa e interact\u00faen con el personal de GBC de manera espec\u00edfica.<br \/>\nLa experiencia en nuestro stand ser\u00e1 sin duda un momento lleno de informaci\u00f3n y oportunidades de networking.<\/p>\n<p>Las sorpresas no han terminado.<\/p>\n<p>A pocos d\u00edas del inicio de esta nueva edici\u00f3n de Schweissen &amp; Schneiden, GBC Industrial Tools S.p.a. se complace en anunciar la presentaci\u00f3n exclusiva de una nueva gama de productos.<br \/>\nLa idea de presentar en exclusiva estas nuevas m\u00e1quinas representa una oportunidad \u00fanica para que los visitantes descubran anticipadamente nuestras \u00faltimas innovaciones y exploren nuevas tecnolog\u00edas. Esto tambi\u00e9n demuestra nuestro compromiso constante para ofrecer soluciones de vanguardia y responder a las necesidades siempre cambiantes de los clientes.<\/p>\n<p>Estamos seguros de que nuestra participaci\u00f3n en Schweissen &amp; Schneiden, con la introducci\u00f3n de importantes novedades, atraer\u00e1 el inter\u00e9s de una amplia gama de profesionales del sector.<\/p>\n<p>El <strong>stand N\u00b0 8D15 en el Pabell\u00f3n 8<\/strong> de Schweissen &amp; Schneiden ser\u00e1 un punto de referencia para cualquier persona interesada en conocer las \u00faltimas innovaciones que GBC Industrial Tools tiene reservadas para el mercado y comprender c\u00f3mo pueden aportar valor a\u00f1adido a numerosas operaciones industriales.<\/p>\n","protected":false},"featured_media":5483,"template":"","class_list":["post-5135","fiera","type-fiera","status-publish","has-post-thumbnail","hentry"],"acf":[],"yoast_head":"<!-- This site is optimized with the Yoast SEO plugin v27.1.1 - https:\/\/yoast.com\/product\/yoast-seo-wordpress\/ -->\n<title>Schweissen &amp; Schneiden 2023 - GBC SpA<\/title>\n<meta name=\"robots\" content=\"index, follow, max-snippet:-1, max-image-preview:large, max-video-preview:-1\" \/>\n<link rel=\"canonical\" href=\"https:\/\/gbcspa.com\/es\/fiera\/fabtech\/\" \/>\n<meta property=\"og:locale\" content=\"es_ES\" \/>\n<meta property=\"og:type\" content=\"article\" \/>\n<meta property=\"og:title\" content=\"Schweissen &amp; Schneiden 2023 - GBC SpA\" \/>\n<meta property=\"og:description\" content=\"Nos complace anunciar que asistiremos a Schweissen &amp; Schneiden 2023, la feria comercial n\u00famero 1 en la industria de soldadura y corte que se llevar\u00e1 a cabo en Essen, Alemania, del 11 al 15 de septiembre de 2023. Habr\u00e1 muchas sorpresas y estaremos encantados de recibirles en nuestro Stand 8D15, Hall 8. Para esta edici\u00f3n... Read More &raquo;\" \/>\n<meta property=\"og:url\" content=\"https:\/\/gbcspa.com\/es\/fiera\/fabtech\/\" \/>\n<meta property=\"og:site_name\" content=\"GBC SpA\" \/>\n<meta property=\"article:publisher\" content=\"https:\/\/www.facebook.com\/GBCIndustrialToolsSpa\/\" \/>\n<meta property=\"article:modified_time\" content=\"2025-06-30T09:38:37+00:00\" \/>\n<meta property=\"og:image\" content=\"https:\/\/gbcspa.com\/wp-content\/uploads\/2025\/01\/00_Schweissen-Schneiden-1.webp\" \/>\n\t<meta property=\"og:image:width\" content=\"1400\" \/>\n\t<meta property=\"og:image:height\" content=\"732\" \/>\n\t<meta property=\"og:image:type\" content=\"image\/webp\" \/>\n<meta name=\"twitter:card\" content=\"summary_large_image\" \/>\n<meta name=\"twitter:label1\" content=\"Tiempo de lectura\" \/>\n\t<meta name=\"twitter:data1\" content=\"2 minutos\" \/>\n<script type=\"application\/ld+json\" class=\"yoast-schema-graph\">{\"@context\":\"https:\/\/schema.org\",\"@graph\":[{\"@type\":\"WebPage\",\"@id\":\"https:\/\/gbcspa.com\/es\/fiera\/fabtech\/\",\"url\":\"https:\/\/gbcspa.com\/es\/fiera\/fabtech\/\",\"name\":\"Schweissen & Schneiden 2023 - GBC SpA\",\"isPartOf\":{\"@id\":\"https:\/\/gbcspa.com\/#website\"},\"primaryImageOfPage\":{\"@id\":\"https:\/\/gbcspa.com\/es\/fiera\/fabtech\/#primaryimage\"},\"image\":{\"@id\":\"https:\/\/gbcspa.com\/es\/fiera\/fabtech\/#primaryimage\"},\"thumbnailUrl\":\"https:\/\/gbcspa.com\/wp-content\/uploads\/2025\/01\/00_Schweissen-Schneiden-1.webp\",\"datePublished\":\"2025-01-29T17:23:15+00:00\",\"dateModified\":\"2025-06-30T09:38:37+00:00\",\"breadcrumb\":{\"@id\":\"https:\/\/gbcspa.com\/es\/fiera\/fabtech\/#breadcrumb\"},\"inLanguage\":\"es\",\"potentialAction\":[{\"@type\":\"ReadAction\",\"target\":[\"https:\/\/gbcspa.com\/es\/fiera\/fabtech\/\"]}]},{\"@type\":\"ImageObject\",\"inLanguage\":\"es\",\"@id\":\"https:\/\/gbcspa.com\/es\/fiera\/fabtech\/#primaryimage\",\"url\":\"https:\/\/gbcspa.com\/wp-content\/uploads\/2025\/01\/00_Schweissen-Schneiden-1.webp\",\"contentUrl\":\"https:\/\/gbcspa.com\/wp-content\/uploads\/2025\/01\/00_Schweissen-Schneiden-1.webp\",\"width\":1400,\"height\":732},{\"@type\":\"BreadcrumbList\",\"@id\":\"https:\/\/gbcspa.com\/es\/fiera\/fabtech\/#breadcrumb\",\"itemListElement\":[{\"@type\":\"ListItem\",\"position\":1,\"name\":\"Home\",\"item\":\"https:\/\/gbcspa.com\/es\/\"},{\"@type\":\"ListItem\",\"position\":2,\"name\":\"Fiere\",\"item\":\"https:\/\/gbcspa.com\/fiera\/\"},{\"@type\":\"ListItem\",\"position\":3,\"name\":\"Schweissen &#038; Schneiden 2023\"}]},{\"@type\":\"WebSite\",\"@id\":\"https:\/\/gbcspa.com\/#website\",\"url\":\"https:\/\/gbcspa.com\/\",\"name\":\"G.B.C. spa\",\"description\":\"\",\"publisher\":{\"@id\":\"https:\/\/gbcspa.com\/#organization\"},\"potentialAction\":[{\"@type\":\"SearchAction\",\"target\":{\"@type\":\"EntryPoint\",\"urlTemplate\":\"https:\/\/gbcspa.com\/?s={search_term_string}\"},\"query-input\":{\"@type\":\"PropertyValueSpecification\",\"valueRequired\":true,\"valueName\":\"search_term_string\"}}],\"inLanguage\":\"es\"},{\"@type\":\"Organization\",\"@id\":\"https:\/\/gbcspa.com\/#organization\",\"name\":\"G.B.C. spa\",\"url\":\"https:\/\/gbcspa.com\/\",\"logo\":{\"@type\":\"ImageObject\",\"inLanguage\":\"es\",\"@id\":\"https:\/\/gbcspa.com\/#\/schema\/logo\/image\/\",\"url\":\"https:\/\/gbcspa.com\/wp-content\/uploads\/2025\/03\/gbc-logo-r-203.png\",\"contentUrl\":\"https:\/\/gbcspa.com\/wp-content\/uploads\/2025\/03\/gbc-logo-r-203.png\",\"width\":203,\"height\":60,\"caption\":\"G.B.C. spa\"},\"image\":{\"@id\":\"https:\/\/gbcspa.com\/#\/schema\/logo\/image\/\"},\"sameAs\":[\"https:\/\/www.facebook.com\/GBCIndustrialToolsSpa\/\",\"https:\/\/www.instagram.com\/gbcindustrialtoolsspa\/\",\"https:\/\/www.youtube.com\/channel\/UCP_FNB0-J8aJfP4bGhJ-cOw\",\"https:\/\/www.linkedin.com\/company\/gbcindustrialtools\/\"]}]}<\/script>\n<!-- \/ Yoast SEO plugin. -->","yoast_head_json":{"title":"Schweissen & Schneiden 2023 - GBC SpA","robots":{"index":"index","follow":"follow","max-snippet":"max-snippet:-1","max-image-preview":"max-image-preview:large","max-video-preview":"max-video-preview:-1"},"canonical":"https:\/\/gbcspa.com\/es\/fiera\/fabtech\/","og_locale":"es_ES","og_type":"article","og_title":"Schweissen & Schneiden 2023 - GBC SpA","og_description":"Nos complace anunciar que asistiremos a Schweissen &amp; Schneiden 2023, la feria comercial n\u00famero 1 en la industria de soldadura y corte que se llevar\u00e1 a cabo en Essen, Alemania, del 11 al 15 de septiembre de 2023. Habr\u00e1 muchas sorpresas y estaremos encantados de recibirles en nuestro Stand 8D15, Hall 8. Para esta edici\u00f3n... Read More &raquo;","og_url":"https:\/\/gbcspa.com\/es\/fiera\/fabtech\/","og_site_name":"GBC SpA","article_publisher":"https:\/\/www.facebook.com\/GBCIndustrialToolsSpa\/","article_modified_time":"2025-06-30T09:38:37+00:00","og_image":[{"width":1400,"height":732,"url":"https:\/\/gbcspa.com\/wp-content\/uploads\/2025\/01\/00_Schweissen-Schneiden-1.webp","type":"image\/webp"}],"twitter_card":"summary_large_image","twitter_misc":{"Tiempo de lectura":"2 minutos"},"schema":{"@context":"https:\/\/schema.org","@graph":[{"@type":"WebPage","@id":"https:\/\/gbcspa.com\/es\/fiera\/fabtech\/","url":"https:\/\/gbcspa.com\/es\/fiera\/fabtech\/","name":"Schweissen & Schneiden 2023 - GBC SpA","isPartOf":{"@id":"https:\/\/gbcspa.com\/#website"},"primaryImageOfPage":{"@id":"https:\/\/gbcspa.com\/es\/fiera\/fabtech\/#primaryimage"},"image":{"@id":"https:\/\/gbcspa.com\/es\/fiera\/fabtech\/#primaryimage"},"thumbnailUrl":"https:\/\/gbcspa.com\/wp-content\/uploads\/2025\/01\/00_Schweissen-Schneiden-1.webp","datePublished":"2025-01-29T17:23:15+00:00","dateModified":"2025-06-30T09:38:37+00:00","breadcrumb":{"@id":"https:\/\/gbcspa.com\/es\/fiera\/fabtech\/#breadcrumb"},"inLanguage":"es","potentialAction":[{"@type":"ReadAction","target":["https:\/\/gbcspa.com\/es\/fiera\/fabtech\/"]}]},{"@type":"ImageObject","inLanguage":"es","@id":"https:\/\/gbcspa.com\/es\/fiera\/fabtech\/#primaryimage","url":"https:\/\/gbcspa.com\/wp-content\/uploads\/2025\/01\/00_Schweissen-Schneiden-1.webp","contentUrl":"https:\/\/gbcspa.com\/wp-content\/uploads\/2025\/01\/00_Schweissen-Schneiden-1.webp","width":1400,"height":732},{"@type":"BreadcrumbList","@id":"https:\/\/gbcspa.com\/es\/fiera\/fabtech\/#breadcrumb","itemListElement":[{"@type":"ListItem","position":1,"name":"Home","item":"https:\/\/gbcspa.com\/es\/"},{"@type":"ListItem","position":2,"name":"Fiere","item":"https:\/\/gbcspa.com\/fiera\/"},{"@type":"ListItem","position":3,"name":"Schweissen &#038; Schneiden 2023"}]},{"@type":"WebSite","@id":"https:\/\/gbcspa.com\/#website","url":"https:\/\/gbcspa.com\/","name":"G.B.C. spa","description":"","publisher":{"@id":"https:\/\/gbcspa.com\/#organization"},"potentialAction":[{"@type":"SearchAction","target":{"@type":"EntryPoint","urlTemplate":"https:\/\/gbcspa.com\/?s={search_term_string}"},"query-input":{"@type":"PropertyValueSpecification","valueRequired":true,"valueName":"search_term_string"}}],"inLanguage":"es"},{"@type":"Organization","@id":"https:\/\/gbcspa.com\/#organization","name":"G.B.C. spa","url":"https:\/\/gbcspa.com\/","logo":{"@type":"ImageObject","inLanguage":"es","@id":"https:\/\/gbcspa.com\/#\/schema\/logo\/image\/","url":"https:\/\/gbcspa.com\/wp-content\/uploads\/2025\/03\/gbc-logo-r-203.png","contentUrl":"https:\/\/gbcspa.com\/wp-content\/uploads\/2025\/03\/gbc-logo-r-203.png","width":203,"height":60,"caption":"G.B.C. spa"},"image":{"@id":"https:\/\/gbcspa.com\/#\/schema\/logo\/image\/"},"sameAs":["https:\/\/www.facebook.com\/GBCIndustrialToolsSpa\/","https:\/\/www.instagram.com\/gbcindustrialtoolsspa\/","https:\/\/www.youtube.com\/channel\/UCP_FNB0-J8aJfP4bGhJ-cOw","https:\/\/www.linkedin.com\/company\/gbcindustrialtools\/"]}]}},"_links":{"self":[{"href":"https:\/\/gbcspa.com\/es\/wp-json\/wp\/v2\/fiera\/5135","targetHints":{"allow":["GET"]}}],"collection":[{"href":"https:\/\/gbcspa.com\/es\/wp-json\/wp\/v2\/fiera"}],"about":[{"href":"https:\/\/gbcspa.com\/es\/wp-json\/wp\/v2\/types\/fiera"}],"wp:featuredmedia":[{"embeddable":true,"href":"https:\/\/gbcspa.com\/es\/wp-json\/wp\/v2\/media\/5483"}],"wp:attachment":[{"href":"https:\/\/gbcspa.com\/es\/wp-json\/wp\/v2\/media?parent=5135"}],"curies":[{"name":"wp","href":"https:\/\/api.w.org\/{rel}","templated":true}]}}

<p>Nos complace anunciar que asistiremos a Schweissen &amp; Schneiden 2023, la feria comercial número 1 en la industria de soldadura y corte que se llevará a cabo en Essen, Alemania, del 11 al 15 de septiembre de 2023.<br />
Habrá muchas sorpresas y estaremos encantados de recibirles en nuestro Stand 8D15, Hall 8.</p>
<p>Para esta edición quisimos hacer las cosas a lo grande, empezando por nuestro stand, N° 8D15, Pabellón 8, que tendrá 250 metros cuadrados y que sin duda generará una experiencia atractiva y espectacular para los visitantes de nuestro espacio expositivo.<br />
Estaremos mostrando nuestra amplia gama de productos de una manera detallada y cautivadora. Un área tan grande nos ofrecerá la oportunidad de organizar presentaciones, demostraciones prácticas e interacciones personales entre los invitados y nuestro equipo. Esto facilitará que los visitantes identifiquen lo que les interesa e interactúen con el personal de GBC de manera específica.<br />
La experiencia en nuestro stand será sin duda un momento lleno de información y oportunidades de networking.</p>
<p>Las sorpresas no han terminado.</p>
<p>A pocos días del inicio de esta nueva edición de Schweissen &amp; Schneiden, GBC Industrial Tools S.p.a. se complace en anunciar la presentación exclusiva de una nueva gama de productos.<br />
La idea de presentar en exclusiva estas nuevas máquinas representa una oportunidad única para que los visitantes descubran anticipadamente nuestras últimas innovaciones y exploren nuevas tecnologías. Esto también demuestra nuestro compromiso constante para ofrecer soluciones de vanguardia y responder a las necesidades siempre cambiantes de los clientes.</p>
<p>Estamos seguros de que nuestra participación en Schweissen &amp; Schneiden, con la introducción de importantes novedades, atraerá el interés de una amplia gama de profesionales del sector.</p>
<p>El <strong>stand N° 8D15 en el Pabellón 8</strong> de Schweissen &amp; Schneiden será un punto de referencia para cualquier persona interesada en conocer las últimas innovaciones que GBC Industrial Tools tiene reservadas para el mercado y comprender cómo pueden aportar valor añadido a numerosas operaciones industriales.</p>

<!-- This site is optimized with the Yoast SEO plugin v27.1.1 - https://yoast.com/product/yoast-seo-wordpress/ -->
<title>Schweissen &amp; Schneiden 2023 - GBC SpA</title>
<meta name="robots" content="index, follow, max-snippet:-1, max-image-preview:large, max-video-preview:-1" />
<link rel="canonical" href="https://gbcspa.com/es/fiera/fabtech/" />
<meta property="og:locale" content="es_ES" />
<meta property="og:type" content="article" />
<meta property="og:title" content="Schweissen &amp; Schneiden 2023 - GBC SpA" />
<meta property="og:description" content="Nos complace anunciar que asistiremos a Schweissen &amp; Schneiden 2023, la feria comercial número 1 en la industria de soldadura y corte que se llevará a cabo en Essen, Alemania, del 11 al 15 de septiembre de 2023. Habrá muchas sorpresas y estaremos encantados de recibirles en nuestro Stand 8D15, Hall 8. Para esta edición... Read More &raquo;" />
<meta property="og:url" content="https://gbcspa.com/es/fiera/fabtech/" />
<meta property="og:site_name" content="GBC SpA" />
<meta property="article:publisher" content="https://www.facebook.com/GBCIndustrialToolsSpa/" />
<meta property="article:modified_time" content="2025-06-30T09:38:37+00:00" />
<meta property="og:image" content="https://gbcspa.com/wp-content/uploads/2025/01/00_Schweissen-Schneiden-1.webp" />
	<meta property="og:image:width" content="1400" />
	<meta property="og:image:height" content="732" />
	<meta property="og:image:type" content="image/webp" />
<meta name="twitter:card" content="summary_large_image" />
<meta name="twitter:label1" content="Tiempo de lectura" />
	<meta name="twitter:data1" content="2 minutos" />
<script type="application/ld+json" class="yoast-schema-graph">{"@context":"https://schema.org","@graph":[{"@type":"WebPage","@id":"https://gbcspa.com/es/fiera/fabtech/","url":"https://gbcspa.com/es/fiera/fabtech/","name":"Schweissen & Schneiden 2023 - GBC SpA","isPartOf":{"@id":"https://gbcspa.com/#website"},"primaryImageOfPage":{"@id":"https://gbcspa.com/es/fiera/fabtech/#primaryimage"},"image":{"@id":"https://gbcspa.com/es/fiera/fabtech/#primaryimage"},"thumbnailUrl":"https://gbcspa.com/wp-content/uploads/2025/01/00_Schweissen-Schneiden-1.webp","datePublished":"2025-01-29T17:23:15+00:00","dateModified":"2025-06-30T09:38:37+00:00","breadcrumb":{"@id":"https://gbcspa.com/es/fiera/fabtech/#breadcrumb"},"inLanguage":"es","potentialAction":[{"@type":"ReadAction","target":["https://gbcspa.com/es/fiera/fabtech/"]}]},{"@type":"ImageObject","inLanguage":"es","@id":"https://gbcspa.com/es/fiera/fabtech/#primaryimage","url":"https://gbcspa.com/wp-content/uploads/2025/01/00_Schweissen-Schneiden-1.webp","contentUrl":"https://gbcspa.com/wp-content/uploads/2025/01/00_Schweissen-Schneiden-1.webp","width":1400,"height":732},{"@type":"BreadcrumbList","@id":"https://gbcspa.com/es/fiera/fabtech/#breadcrumb","itemListElement":[{"@type":"ListItem","position":1,"name":"Home","item":"https://gbcspa.com/es/"},{"@type":"ListItem","position":2,"name":"Fiere","item":"https://gbcspa.com/fiera/"},{"@type":"ListItem","position":3,"name":"Schweissen &#038; Schneiden 2023"}]},{"@type":"WebSite","@id":"https://gbcspa.com/#website","url":"https://gbcspa.com/","name":"G.B.C. spa","description":"","publisher":{"@id":"https://gbcspa.com/#organization"},"potentialAction":[{"@type":"SearchAction","target":{"@type":"EntryPoint","urlTemplate":"https://gbcspa.com/?s={search_term_string}"},"query-input":{"@type":"PropertyValueSpecification","valueRequired":true,"valueName":"search_term_string"}}],"inLanguage":"es"},{"@type":"Organization","@id":"https://gbcspa.com/#organization","name":"G.B.C. spa","url":"https://gbcspa.com/","logo":{"@type":"ImageObject","inLanguage":"es","@id":"https://gbcspa.com/#/schema/logo/image/","url":"https://gbcspa.com/wp-content/uploads/2025/03/gbc-logo-r-203.png","contentUrl":"https://gbcspa.com/wp-content/uploads/2025/03/gbc-logo-r-203.png","width":203,"height":60,"caption":"G.B.C. spa"},"image":{"@id":"https://gbcspa.com/#/schema/logo/image/"},"sameAs":["https://www.facebook.com/GBCIndustrialToolsSpa/","https://www.instagram.com/gbcindustrialtoolsspa/","https://www.youtube.com/channel/UCP_FNB0-J8aJfP4bGhJ-cOw","https://www.linkedin.com/company/gbcindustrialtools/"]}]}</script>
<!-- / Yoast SEO plugin. -->

Nos complace anunciar que asistiremos a Schweissen &amp; Schneiden 2023, la feria comercial número 1 en la industria de soldadura y corte que se llevará a cabo en Essen, Alemania, del 11 al 15 de septiembre de 2023. Habrá muchas sorpresas y estaremos encantados de recibirles en nuestro Stand 8D15, Hall 8. Para esta edición... Read More &raquo;
